{"id":1574,"date":"2020-06-30T09:25:45","date_gmt":"2020-06-30T09:25:45","guid":{"rendered":"https:\/\/vicaria6.bizkeliza.net\/?page_id=1574"},"modified":"2021-03-04T07:32:30","modified_gmt":"2021-03-04T07:32:30","slug":"quiero-colaborar","status":"publish","type":"page","link":"https:\/\/vicaria6.bizkeliza.net\/?page_id=1574","title":{"rendered":"Quiero colaborar"},"content":{"rendered":"<h2><strong><span style=\"color: #339966;\">\u00a0\u00abNos ha llamado para que nos cansemos un poquito, para trabajar no para descansar\u00bb <\/span><span style=\"color: #339966;\">Papa Francisco<\/span><\/strong><\/h2>\n<div id=\"cc-m-6797873756\" class=\"j-module n j-header \">\n<h4 id=\"cc-m-header-6797873756\"><img decoding=\"async\" class=\" wp-image-2052 alignleft\" src=\"https:\/\/vicaria6.bizkeliza.net\/wp-content\/uploads\/2020\/08\/manos-150x150.jpg\" alt=\"\" width=\"212\" height=\"212\" srcset=\"https:\/\/vicaria6.bizkeliza.net\/wp-content\/uploads\/2020\/08\/manos-150x150.jpg 150w, https:\/\/vicaria6.bizkeliza.net\/wp-content\/uploads\/2020\/08\/manos-300x300.jpg 300w, https:\/\/vicaria6.bizkeliza.net\/wp-content\/uploads\/2020\/08\/manos-75x75.jpg 75w, https:\/\/vicaria6.bizkeliza.net\/wp-content\/uploads\/2020\/08\/manos.jpg 346w\" sizes=\"(max-width: 212px) 100vw, 212px\" \/><strong><span style=\"color: #0000ff;\">Colaborar con tu parroquia es una manera de multiplicarte:<\/span><\/strong><\/h4>\n<p>Todas las personas\u00a0 podemos <strong>COLABORAR<\/strong>\u00a0con nuestra Parroquia, nuestra casa com\u00fan, nuestra familia:<\/p>\n<\/div>\n<div id=\"cc-m-4138861856\" class=\"j-module n j-textWithImage \">\n<div>\n<div id=\"cc-m-textwithimage-4138861856\" class=\"cc-m-textwithimage-inline-rte\" data-name=\"text\" data-action=\"text\">\n<div><\/div>\n<div><strong>1.<\/strong>\u00a0Con nuestra\u00a0<strong>ORACI\u00d3N<\/strong> por la evangelizaci\u00f3n.<\/div>\n<div><\/div>\n<div><strong>2.<\/strong>\u00a0Con nuestro\u00a0<strong>TIEMPO y CAPACIDADES<\/strong>\u00a0puestas al servicio de la comunidad. En una familia grande como la nuestra hay muchas necesidades. Dios nos ha dado a cada uno cualidades diferentes para servir a la comunidad.<\/div>\n<div><\/div>\n<div><strong>3.<\/strong>\u00a0Con nuestra\u00a0<strong>APORTACI\u00d3N ECON\u00d3MICA.<\/strong> Nuestra casa familiar tiene gastos de mantenimiento, material de oficina,\u00a0 de limpieza, de luz, de calefacci\u00f3n, de tel\u00e9fono, etc. igual que todas las casas. Por eso necesitamos tu colaboraci\u00f3n econ\u00f3mica. La puedes hacer:<\/div>\n<div>+ En las\u00a0<strong>COLECTAS<\/strong>\u00a0de las misas<\/div>\n<div>+ Con un\u00a0<strong>DONATIVO<\/strong>\u00a0en el despacho parroquial<\/div>\n<div>+ Con un\u00a0<strong>DONATIVO<\/strong> en el Banco.<\/div>\n<div>+ <strong>MARCA LA X en la Declaraci\u00f3n de la RENTA.<\/strong> Se puede hacer de dos formas: 1\u00aa. Marcando la \u201cX\u201d en la casilla A, se destina el 0,7% de la cuota \u00edntegra a la Iglesia Cat\u00f3lica. 2. Marcando la \u201cX\u201d en la casilla C, se destina el 0,7% de la cuota \u00edntegra a la Iglesia Cat\u00f3lica y otro 0,7% a otros fines, siendo el total asignado un 1,4%. <a href=\"http:\/\/www.bizkeliza.org\/economia\/x-a-favor-de-la-iglesia\/\">http:\/\/www.bizkeliza.org\/economia\/x-a-favor-de-la-iglesia\/<\/a><\/div>\n<div>+ Realizando una\u00a0<strong>SUSCRIPCI\u00d3N<\/strong>\u00a0por una cantidad fija mensual, trimestral o anual. Esta es la mejor forma de colaborar econ\u00f3micamente.<\/div>\n<div><a href=\"https:\/\/vicaria6.bizkeliza.net\/wp-content\/uploads\/2020\/11\/GURE-ELIZARI.jpg\"><img fetchpriority=\"high\" decoding=\"async\" class=\"wp-image-2679 alignleft\" src=\"https:\/\/vicaria6.bizkeliza.net\/wp-content\/uploads\/2020\/11\/GURE-ELIZARI.jpg\" alt=\"SEGUIR HACIENDO\" width=\"301\" height=\"199\" srcset=\"https:\/\/vicaria6.bizkeliza.net\/wp-content\/uploads\/2020\/11\/GURE-ELIZARI.jpg 1024w, https:\/\/vicaria6.bizkeliza.net\/wp-content\/uploads\/2020\/11\/GURE-ELIZARI-300x199.jpg 300w, https:\/\/vicaria6.bizkeliza.net\/wp-content\/uploads\/2020\/11\/GURE-ELIZARI-768x509.jpg 768w, https:\/\/vicaria6.bizkeliza.net\/wp-content\/uploads\/2020\/11\/GURE-ELIZARI-500x330.jpg 500w\" sizes=\"(max-width: 301px) 100vw, 301px\" \/><\/a>Puedes acercarte a tu parroquia, rellenar <strong>los datos de la suscripci\u00f3n y enviarla por correo electr\u00f3nico<\/strong>\u00a0o\u00a0<strong>por correo postal<\/strong> a nuestra parroquia.<\/div>\n<\/div>\n<\/div>\n<div>Si no sabes con quien contactar para ello cuentanoslo en <span style=\"color: #ff6600;\">anunciovicariasexta@gmail.com si estas pensando en parroquias de la Vicaria VI <span style=\"color: #333333;\">o en el contacto de la diocesis<span style=\"color: #003300;\"> <a style=\"color: #003300;\" href=\"http:\/\/www.bizkeliza.org\/contactar\/\">http:\/\/www.bizkeliza.org\/contactar\/<\/a><\/span><\/span><\/span><\/div>\n<div><\/div>\n<div><\/div>\n<\/div>\n<div id=\"cc-m-4138861856\" class=\"j-module n j-textWithImage \">\n<div id=\"cc-m-textwithimage-4138861856\" class=\"cc-m-textwithimage-inline-rte\" data-name=\"text\" data-action=\"text\">\n<div><\/div>\n<p>&nbsp;<\/p>\n<p><iframe title=\"Zeugaz, en la nueva normalidad  Contamos contigo\" width=\"960\" height=\"540\" src=\"https:\/\/www.youtube.com\/embed\/fBoXH32CJhc?start=2&#038;feature=oembed\" frameborder=\"0\" allow=\"accelerometer; autoplay; clipboard-write; encrypted-media; gyroscope; picture-in-picture\" allowfullscreen><\/iframe><\/p>\n<p style=\"text-align: center;\">\n<\/div>\n<\/div>\n","protected":false},"excerpt":{"rendered":"<p>\u00a0\u00abNos ha llamado para que nos cansemos un poquito, para trabajar no para descansar\u00bb Papa Francisco Colaborar con tu parroquia es una manera de multiplicarte: Todas las personas\u00a0 podemos COLABORAR\u00a0con nuestra Parroquia, nuestra casa com\u00fan, nuestra familia: 1.\u00a0Con nuestra\u00a0ORACI\u00d3N por la evangelizaci\u00f3n. 2.\u00a0Con nuestro\u00a0TIEMPO y CAPACIDADES\u00a0puestas al servicio de la comunidad. En una familia grande como la nuestra hay muchas necesidades. Dios nos ha dado a cada uno cualidades diferentes para servir a la comunidad. 3.\u00a0Con nuestra\u00a0APORTACI\u00d3N ECON\u00d3MICA. Nuestra casa familiar tiene gastos de mantenimiento, material de oficina,\u00a0 de limpieza, de luz, de calefacci\u00f3n, de tel\u00e9fono, etc. igual que todas las casas. Por eso necesitamos tu colaboraci\u00f3n econ\u00f3mica. La puedes hacer: + En las\u00a0COLECTAS\u00a0de las misas + Con un\u00a0DONATIVO\u00a0en el despacho parroquial + Con un\u00a0DONATIVO en el Banco. + MARCA LA X en la Declaraci\u00f3n de la RENTA. Se puede hacer de dos formas: 1\u00aa. Marcando la \u201cX\u201d en la casilla A, se destina el 0,7% de la cuota \u00edntegra a la Iglesia Cat\u00f3lica. 2. Marcando la \u201cX\u201d en la casilla C, se destina el 0,7% de la cuota \u00edntegra a la Iglesia Cat\u00f3lica y otro 0,7% a otros fines, siendo el total asignado un 1,4%. http:\/\/www.bizkeliza.org\/economia\/x-a-favor-de-la-iglesia\/ + Realizando una\u00a0SUSCRIPCI\u00d3N\u00a0por una cantidad fija mensual, trimestral o anual. Esta es la mejor forma de colaborar econ\u00f3micamente. Puedes acercarte a tu parroquia, rellenar los datos de la suscripci\u00f3n y enviarla por correo electr\u00f3nico\u00a0o\u00a0por correo postal a nuestra parroquia. Si no sabes con quien contactar para ello cuentanoslo en anunciovicariasexta@gmail.com si estas pensando en parroquias de la Vicaria VI o en el contacto de la diocesis http:\/\/www.bizkeliza.org\/contactar\/ &nbsp;<\/p>\n","protected":false},"author":1,"featured_media":0,"parent":0,"menu_order":0,"comment_status":"closed","ping_status":"closed","template":"","meta":{"footnotes":""},"class_list":["post-1574","page","type-page","status-publish","hentry"],"aioseo_notices":[],"acf":[],"_links":{"self":[{"href":"https:\/\/vicaria6.bizkeliza.net\/index.php?rest_route=\/wp\/v2\/pages\/1574","targetHints":{"allow":["GET"]}}],"collection":[{"href":"https:\/\/vicaria6.bizkeliza.net\/index.php?rest_route=\/wp\/v2\/pages"}],"about":[{"href":"https:\/\/vicaria6.bizkeliza.net\/index.php?rest_route=\/wp\/v2\/types\/page"}],"author":[{"embeddable":true,"href":"https:\/\/vicaria6.bizkeliza.net\/index.php?rest_route=\/wp\/v2\/users\/1"}],"replies":[{"embeddable":true,"href":"https:\/\/vicaria6.bizkeliza.net\/index.php?rest_route=%2Fwp%2Fv2%2Fcomments&post=1574"}],"version-history":[{"count":6,"href":"https:\/\/vicaria6.bizkeliza.net\/index.php?rest_route=\/wp\/v2\/pages\/1574\/revisions"}],"predecessor-version":[{"id":3697,"href":"https:\/\/vicaria6.bizkeliza.net\/index.php?rest_route=\/wp\/v2\/pages\/1574\/revisions\/3697"}],"wp:attachment":[{"href":"https:\/\/vicaria6.bizkeliza.net\/index.php?rest_route=%2Fwp%2Fv2%2Fmedia&parent=1574"}],"curies":[{"name":"wp","href":"https:\/\/api.w.org\/{rel}","templated":true}]}}