{"id":1584,"date":"2020-06-30T10:27:10","date_gmt":"2020-06-30T10:27:10","guid":{"rendered":"https:\/\/vicaria6.bizkeliza.net\/?page_id=1584"},"modified":"2020-07-09T09:18:52","modified_gmt":"2020-07-09T09:18:52","slug":"delegacion-caridad-y-justicia","status":"publish","type":"page","link":"https:\/\/vicaria6.bizkeliza.net\/?page_id=1584","title":{"rendered":"Delegaci\u00f3n Caridad y Justicia"},"content":{"rendered":"<h3><em><span style=\"color: #339966;\">&#8220;Una aut\u00e9ntica fe \u2014que nunca es c\u00f3moda e individualista\u2014 siempre implica un profundo deseo de cambiar el mundo, de transmitir valores, de dejar algo mejor detr\u00e1s de nuestro paso por la tierra&#8221; (E.G. num.183)<\/span><\/em><\/h3>\n<p>&nbsp;<\/p>\n<p><strong><span style=\"color: #993300;\">La DELEGACI\u00d3N DIOCESANA DE CARIDAD Y JUSTICIA, inspir\u00e1ndose en el Evangelio y en la Doctrina Social de la Iglesia, sirve para fomentar una mayor conciencia social, contribuir a la transformaci\u00f3n de la sociedad hacia un modelo m\u00e1s justo y participativo desde la perspectiva evang\u00e9lica y promover una Iglesia m\u00e1s cercana y encarnada que haga visible el amor preferencial de Dios a las personas y colectivos m\u00e1s desfavorecidos.<\/span><\/strong><\/p>\n<div id=\"c12109\" class=\"frame default\">\n<div class=\"media-body\"><\/div>\n<\/div>\n<div id=\"c12103\" class=\"frame default\">\n<p><em><strong>\u00a0<a href=\"http:\/\/www.bizkeliza.org\/pastoral\/caridad-y-justicia\/ecologia-integral\/\">Ecolog\u00eda integral<\/a>&#8211;<a href=\"http:\/\/www.bizkeliza.org\/comisiondsi\/\">Comisi\u00f3n DSI<\/a>&#8211;<a href=\"http:\/\/www.bizkeliza.org\/pastoral\/caridad-y-justicia\/pastoral-obrera\/\">Pastoral Obrera<\/a>&#8211;<a href=\"http:\/\/www.bizkeliza.org\/pastoral\/caridad-y-justicia\/salud\/\">Salud<\/a>&#8211;<a href=\"http:\/\/www.bizkeliza.org\/pastoral\/caridad-y-justicia\/pastoral-penitenciaria\/\">Pastoral Penitenciaria<\/a>&#8211;<a href=\"http:\/\/www.bizkeliza.org\/pastoral\/caridad-y-justicia\/discapacidades\/\">Discapacidades<\/a>&#8211;<a href=\"http:\/\/www.bizkeliza.org\/migraciones\/\">Migraciones<\/a>&#8211;<a href=\"http:\/\/www.bizkeliza.org\/pastoral\/caridad-y-justicia\/paz-y-reconciliacion\/\">Paz y Reconciliaci\u00f3n<\/a><\/strong><\/em><\/p>\n<\/div>\n<p>&nbsp;<\/p>\n<p><img fetchpriority=\"high\" decoding=\"async\" class=\"alignleft\" src=\"https:\/\/sites.google.com\/site\/jesusmaestro20\/_\/rsrc\/1444587010984\/la-paz-fruto-de-la-justicia-social\/hqdefault.jpg?height=300&amp;width=400\" alt=\"La Paz: fruto de la justicia y de la caridad - Jesus maestro 2.0\" width=\"546\" height=\"410\" \/><span style=\"color: #ff2a00;\"><em>\u00abLes agradezco tanto, en nombre de toda la Iglesia, por lo que hacen por los \u00faltimos. Los aliento a proseguir en esta misi\u00f3n, <strong>que hace sentir a la Iglesia como verdadera compa\u00f1era de viaje, cercana al coraz\u00f3n y a las esperanzas de os hombres y de las mujeres de este mundo<\/strong>. Sigan llevando el mensaje del Evangelio de la alegr\u00eda, sobre todo a los marginados, pero tambi\u00e9n a los que tienen el poder de cambiar las cosas, porque es posible cambiar. La pobreza, el hambre, las enfermedades, la opresi\u00f3n no son una fatalidad y no pueden representar situaciones permanentes. Con fiando en el poder del Evangelio, podemos contribuir verdaderamente a cambiar las cosas o al menos a mejorarlas. Podemos reafirmar la dignidad de cuantos esperan una se\u00f1al de nuestro amor y proteger y construir juntos \u2018nuestra casa com\u00fan\u2019\u00bb. Papa Francisco<\/em><\/span><\/p>\n<p style=\"text-align: center;\"><span style=\"color: #333333;\"><strong>Son Objetivos de la Delegaci\u00f3n de Caridad y Justicia:<\/strong><\/span><\/p>\n<ol>\n<li style=\"text-align: center;\"><span style=\"color: #333333;\"><strong>Fomentar una mayor conciencia social<\/strong>\u00a0en los temas que se refieren a la dignidad humana como fundamento de la sociedad.<\/span><\/li>\n<li style=\"text-align: center;\"><span style=\"color: #333333;\"><strong>Contribuir a la transformaci\u00f3n de la sociedad<\/strong>\u00a0hacia un modelo m\u00e1s justo y participativo desde la perspectiva evang\u00e9lica.<\/span><\/li>\n<li style=\"text-align: center;\"><span style=\"color: #333333;\"><strong>Promover una Iglesia m\u00e1s cercana y encarnada<\/strong>\u00a0que haga visible el amor preferencial de Dios a las personas y colectivos m\u00e1s desfavorecidos.<\/span><\/li>\n<\/ol>\n<h6><strong><span style=\"color: #333333;\">Para ello,<\/span><\/strong><\/h6>\n<ol>\n<li><span style=\"color: #333333;\">Impulsa la participaci\u00f3n en la comunidad cristiana de las personas y colectivos expuestos a la injusticia.<\/span><\/li>\n<li><span style=\"color: #333333;\">Promueve la formaci\u00f3n y la difusi\u00f3n de la Doctrina Social de la Iglesia.<\/span><\/li>\n<li><span style=\"color: #333333;\">Acompa\u00f1a y coordina la pastoral diocesana en el \u00e1mbito socio-caritativo.<\/span><\/li>\n<li><span style=\"color: #333333;\">Fomenta la comunicaci\u00f3n cristiana de bienes y la solidaridad con los pobres.<\/span><\/li>\n<li><span style=\"color: #333333;\">Impulsa valores para una convivencia en paz.<\/span><\/li>\n<li><span style=\"color: #333333;\">Realiza acciones de denuncia prof\u00e9tica desde el Evangelio.<\/span><\/li>\n<li><span style=\"color: #333333;\">Colabora con otras entidades y organizaciones en la promoci\u00f3n de la dignidad humana.<\/span><\/li>\n<li><span style=\"color: #333333;\">Atiende a posibles nuevas realidades de pobreza y marginaci\u00f3n, teniendo en cuenta la situaci\u00f3n social y eclesial, y valora la oportunidad de abrir nuevos \u00e1mbitos de atenci\u00f3n pastoral espec\u00edfica.<\/span><\/li>\n<\/ol>\n<p><span style=\"color: #333333;\">La Delegaci\u00f3n realiza su misi\u00f3n en coordinaci\u00f3n con las instancias eclesiales implicadas en este \u00e1mbito, especialmente con C\u00e1ritas y Misiones que participan en ella.<\/span><\/p>\n<p><span style=\"color: #ff6600;\"><a style=\"color: #ff6600;\" href=\"http:\/\/www.bizkeliza.org\/contactar\/\">CONTACTA CON NOSOTROS<\/a><\/span><\/p>\n<p>Responsable:<br \/>\n<strong>Manu Moreno<\/strong><\/p>\n<p>Direcci\u00f3n:<br \/>\n<strong>Plaza Nueva, 4-2\u00ba, 48005 BILBAO<\/strong><br \/>\nTelefono:<strong>\u00a094 479 56 13<\/strong><br \/>\nMail:\u00a0<strong>caridadyjusticia@bizkeliza.org<\/strong><\/p>\n","protected":false},"excerpt":{"rendered":"<p>&#8220;Una aut\u00e9ntica fe \u2014que nunca es c\u00f3moda e individualista\u2014 siempre implica un profundo deseo de cambiar el mundo, de transmitir valores, de dejar algo mejor detr\u00e1s de nuestro paso por la tierra&#8221; (E.G. num.183) &nbsp; La DELEGACI\u00d3N DIOCESANA DE CARIDAD Y JUSTICIA, inspir\u00e1ndose en el Evangelio y en la Doctrina Social de la Iglesia, sirve para fomentar una mayor conciencia social, contribuir a la transformaci\u00f3n de la sociedad hacia un modelo m\u00e1s justo y participativo desde la perspectiva evang\u00e9lica y promover una Iglesia m\u00e1s cercana y encarnada que haga visible el amor preferencial de Dios a las personas y colectivos m\u00e1s desfavorecidos. \u00a0Ecolog\u00eda integral&#8211;Comisi\u00f3n DSI&#8211;Pastoral Obrera&#8211;Salud&#8211;Pastoral Penitenciaria&#8211;Discapacidades&#8211;Migraciones&#8211;Paz y Reconciliaci\u00f3n &nbsp; \u00abLes agradezco tanto, en nombre de toda la Iglesia, por lo que hacen por los \u00faltimos. Los aliento a proseguir en esta misi\u00f3n, que hace sentir a la Iglesia como verdadera compa\u00f1era de viaje, cercana al coraz\u00f3n y a las esperanzas de os hombres y de las mujeres de este mundo. Sigan llevando el mensaje del Evangelio de la alegr\u00eda, sobre todo a los marginados, pero tambi\u00e9n a los que tienen el poder de cambiar las cosas, porque es posible cambiar. La pobreza, el hambre, las enfermedades, la opresi\u00f3n no son una fatalidad y no pueden representar situaciones permanentes. Con fiando en el poder del Evangelio, podemos contribuir verdaderamente a cambiar las cosas o al menos a mejorarlas. Podemos reafirmar la dignidad de cuantos esperan una se\u00f1al de nuestro amor y proteger y construir juntos \u2018nuestra casa com\u00fan\u2019\u00bb. Papa Francisco Son Objetivos de la Delegaci\u00f3n de Caridad y Justicia: Fomentar una mayor conciencia social\u00a0en los temas que se refieren a la dignidad humana como fundamento de la sociedad. Contribuir a la transformaci\u00f3n de la sociedad\u00a0hacia un modelo m\u00e1s justo y participativo desde la perspectiva evang\u00e9lica. Promover una Iglesia m\u00e1s cercana y encarnada\u00a0que haga visible el amor preferencial de Dios a las personas y colectivos m\u00e1s desfavorecidos. Para ello, Impulsa la participaci\u00f3n en la comunidad cristiana de las personas y colectivos expuestos a la injusticia. Promueve la formaci\u00f3n y la difusi\u00f3n de la Doctrina Social de la Iglesia. Acompa\u00f1a y coordina la pastoral diocesana en el \u00e1mbito socio-caritativo. Fomenta la comunicaci\u00f3n cristiana de bienes y la solidaridad con los pobres. Impulsa valores para una convivencia en paz. Realiza acciones de denuncia prof\u00e9tica desde el Evangelio. Colabora con otras entidades y organizaciones en la promoci\u00f3n de la dignidad humana. Atiende a posibles nuevas realidades de pobreza y marginaci\u00f3n, teniendo en cuenta la situaci\u00f3n social y eclesial, y valora la oportunidad de abrir nuevos \u00e1mbitos de atenci\u00f3n pastoral espec\u00edfica. La Delegaci\u00f3n realiza su misi\u00f3n en coordinaci\u00f3n con las instancias eclesiales implicadas en este \u00e1mbito, especialmente con C\u00e1ritas y Misiones que participan en ella. CONTACTA CON NOSOTROS Responsable: Manu Moreno Direcci\u00f3n: Plaza Nueva, 4-2\u00ba, 48005 BILBAO Telefono:\u00a094 479 56 13 Mail:\u00a0caridadyjusticia@bizkeliza.org<\/p>\n","protected":false},"author":1,"featured_media":0,"parent":0,"menu_order":0,"comment_status":"closed","ping_status":"closed","template":"","meta":{"footnotes":""},"class_list":["post-1584","page","type-page","status-publish","hentry"],"aioseo_notices":[],"acf":[],"_links":{"self":[{"href":"https:\/\/vicaria6.bizkeliza.net\/index.php?rest_route=\/wp\/v2\/pages\/1584","targetHints":{"allow":["GET"]}}],"collection":[{"href":"https:\/\/vicaria6.bizkeliza.net\/index.php?rest_route=\/wp\/v2\/pages"}],"about":[{"href":"https:\/\/vicaria6.bizkeliza.net\/index.php?rest_route=\/wp\/v2\/types\/page"}],"author":[{"embeddable":true,"href":"https:\/\/vicaria6.bizkeliza.net\/index.php?rest_route=\/wp\/v2\/users\/1"}],"replies":[{"embeddable":true,"href":"https:\/\/vicaria6.bizkeliza.net\/index.php?rest_route=%2Fwp%2Fv2%2Fcomments&post=1584"}],"version-history":[{"count":4,"href":"https:\/\/vicaria6.bizkeliza.net\/index.php?rest_route=\/wp\/v2\/pages\/1584\/revisions"}],"predecessor-version":[{"id":1892,"href":"https:\/\/vicaria6.bizkeliza.net\/index.php?rest_route=\/wp\/v2\/pages\/1584\/revisions\/1892"}],"wp:attachment":[{"href":"https:\/\/vicaria6.bizkeliza.net\/index.php?rest_route=%2Fwp%2Fv2%2Fmedia&parent=1584"}],"curies":[{"name":"wp","href":"https:\/\/api.w.org\/{rel}","templated":true}]}}

Delegación Caridad y Justicia

<h3><em><span style="color: #339966;">&#8220;Una auténtica fe —que nunca es cómoda e individualista— siempre implica un profundo deseo de cambiar el mundo, de transmitir valores, de dejar algo mejor detrás de nuestro paso por la tierra&#8221; (E.G. num.183)</span></em></h3>
<p>&nbsp;</p>
<p><strong><span style="color: #993300;">La DELEGACIÓN DIOCESANA DE CARIDAD Y JUSTICIA, inspirándose en el Evangelio y en la Doctrina Social de la Iglesia, sirve para fomentar una mayor conciencia social, contribuir a la transformación de la sociedad hacia un modelo más justo y participativo desde la perspectiva evangélica y promover una Iglesia más cercana y encarnada que haga visible el amor preferencial de Dios a las personas y colectivos más desfavorecidos.</span></strong></p>
<div id="c12109" class="frame default">
<div class="media-body"></div>
</div>
<div id="c12103" class="frame default">
<p><em><strong> <a href="http://www.bizkeliza.org/pastoral/caridad-y-justicia/ecologia-integral/">Ecología integral</a>&#8211;<a href="http://www.bizkeliza.org/comisiondsi/">Comisión DSI</a>&#8211;<a href="http://www.bizkeliza.org/pastoral/caridad-y-justicia/pastoral-obrera/">Pastoral Obrera</a>&#8211;<a href="http://www.bizkeliza.org/pastoral/caridad-y-justicia/salud/">Salud</a>&#8211;<a href="http://www.bizkeliza.org/pastoral/caridad-y-justicia/pastoral-penitenciaria/">Pastoral Penitenciaria</a>&#8211;<a href="http://www.bizkeliza.org/pastoral/caridad-y-justicia/discapacidades/">Discapacidades</a>&#8211;<a href="http://www.bizkeliza.org/migraciones/">Migraciones</a>&#8211;<a href="http://www.bizkeliza.org/pastoral/caridad-y-justicia/paz-y-reconciliacion/">Paz y Reconciliación</a></strong></em></p>
</div>
<p>&nbsp;</p>
<p><img fetchpriority="high" decoding="async" class="alignleft" src="https://sites.google.com/site/jesusmaestro20/_/rsrc/1444587010984/la-paz-fruto-de-la-justicia-social/hqdefault.jpg?height=300&amp;width=400" alt="La Paz: fruto de la justicia y de la caridad - Jesus maestro 2.0" width="546" height="410" /><span style="color: #ff2a00;"><em>«Les agradezco tanto, en nombre de toda la Iglesia, por lo que hacen por los últimos. Los aliento a proseguir en esta misión, <strong>que hace sentir a la Iglesia como verdadera compañera de viaje, cercana al corazón y a las esperanzas de os hombres y de las mujeres de este mundo</strong>. Sigan llevando el mensaje del Evangelio de la alegría, sobre todo a los marginados, pero también a los que tienen el poder de cambiar las cosas, porque es posible cambiar. La pobreza, el hambre, las enfermedades, la opresión no son una fatalidad y no pueden representar situaciones permanentes. Con fiando en el poder del Evangelio, podemos contribuir verdaderamente a cambiar las cosas o al menos a mejorarlas. Podemos reafirmar la dignidad de cuantos esperan una señal de nuestro amor y proteger y construir juntos ‘nuestra casa común’». Papa Francisco</em></span></p>
<p style="text-align: center;"><span style="color: #333333;"><strong>Son Objetivos de la Delegación de Caridad y Justicia:</strong></span></p>
<ol>
<li style="text-align: center;"><span style="color: #333333;"><strong>Fomentar una mayor conciencia social</strong> en los temas que se refieren a la dignidad humana como fundamento de la sociedad.</span></li>
<li style="text-align: center;"><span style="color: #333333;"><strong>Contribuir a la transformación de la sociedad</strong> hacia un modelo más justo y participativo desde la perspectiva evangélica.</span></li>
<li style="text-align: center;"><span style="color: #333333;"><strong>Promover una Iglesia más cercana y encarnada</strong> que haga visible el amor preferencial de Dios a las personas y colectivos más desfavorecidos.</span></li>
</ol>
<h6><strong><span style="color: #333333;">Para ello,</span></strong></h6>
<ol>
<li><span style="color: #333333;">Impulsa la participación en la comunidad cristiana de las personas y colectivos expuestos a la injusticia.</span></li>
<li><span style="color: #333333;">Promueve la formación y la difusión de la Doctrina Social de la Iglesia.</span></li>
<li><span style="color: #333333;">Acompaña y coordina la pastoral diocesana en el ámbito socio-caritativo.</span></li>
<li><span style="color: #333333;">Fomenta la comunicación cristiana de bienes y la solidaridad con los pobres.</span></li>
<li><span style="color: #333333;">Impulsa valores para una convivencia en paz.</span></li>
<li><span style="color: #333333;">Realiza acciones de denuncia profética desde el Evangelio.</span></li>
<li><span style="color: #333333;">Colabora con otras entidades y organizaciones en la promoción de la dignidad humana.</span></li>
<li><span style="color: #333333;">Atiende a posibles nuevas realidades de pobreza y marginación, teniendo en cuenta la situación social y eclesial, y valora la oportunidad de abrir nuevos ámbitos de atención pastoral específica.</span></li>
</ol>
<p><span style="color: #333333;">La Delegación realiza su misión en coordinación con las instancias eclesiales implicadas en este ámbito, especialmente con Cáritas y Misiones que participan en ella.</span></p>
<p><span style="color: #ff6600;"><a style="color: #ff6600;" href="http://www.bizkeliza.org/contactar/">CONTACTA CON NOSOTROS</a></span></p>
<p>Responsable:<br />
<strong>Manu Moreno</strong></p>
<p>Dirección:<br />
<strong>Plaza Nueva, 4-2º, 48005 BILBAO</strong><br />
Telefono:<strong> 94 479 56 13</strong><br />
Mail: <strong>caridadyjusticia@bizkeliza.org</strong></p>

<p>&#8220;Una auténtica fe —que nunca es cómoda e individualista— siempre implica un profundo deseo de cambiar el mundo, de transmitir valores, de dejar algo mejor detrás de nuestro paso por la tierra&#8221; (E.G. num.183) &nbsp; La DELEGACIÓN DIOCESANA DE CARIDAD Y JUSTICIA, inspirándose en el Evangelio y en la Doctrina Social de la Iglesia, sirve para fomentar una mayor conciencia social, contribuir a la transformación de la sociedad hacia un modelo más justo y participativo desde la perspectiva evangélica y promover una Iglesia más cercana y encarnada que haga visible el amor preferencial de Dios a las personas y colectivos más desfavorecidos.  Ecología integral&#8211;Comisión DSI&#8211;Pastoral Obrera&#8211;Salud&#8211;Pastoral Penitenciaria&#8211;Discapacidades&#8211;Migraciones&#8211;Paz y Reconciliación &nbsp; «Les agradezco tanto, en nombre de toda la Iglesia, por lo que hacen por los últimos. Los aliento a proseguir en esta misión, que hace sentir a la Iglesia como verdadera compañera de viaje, cercana al corazón y a las esperanzas de os hombres y de las mujeres de este mundo. Sigan llevando el mensaje del Evangelio de la alegría, sobre todo a los marginados, pero también a los que tienen el poder de cambiar las cosas, porque es posible cambiar. La pobreza, el hambre, las enfermedades, la opresión no son una fatalidad y no pueden representar situaciones permanentes. Con fiando en el poder del Evangelio, podemos contribuir verdaderamente a cambiar las cosas o al menos a mejorarlas. Podemos reafirmar la dignidad de cuantos esperan una señal de nuestro amor y proteger y construir juntos ‘nuestra casa común’». Papa Francisco Son Objetivos de la Delegación de Caridad y Justicia: Fomentar una mayor conciencia social en los temas que se refieren a la dignidad humana como fundamento de la sociedad. Contribuir a la transformación de la sociedad hacia un modelo más justo y participativo desde la perspectiva evangélica. Promover una Iglesia más cercana y encarnada que haga visible el amor preferencial de Dios a las personas y colectivos más desfavorecidos. Para ello, Impulsa la participación en la comunidad cristiana de las personas y colectivos expuestos a la injusticia. Promueve la formación y la difusión de la Doctrina Social de la Iglesia. Acompaña y coordina la pastoral diocesana en el ámbito socio-caritativo. Fomenta la comunicación cristiana de bienes y la solidaridad con los pobres. Impulsa valores para una convivencia en paz. Realiza acciones de denuncia profética desde el Evangelio. Colabora con otras entidades y organizaciones en la promoción de la dignidad humana. Atiende a posibles nuevas realidades de pobreza y marginación, teniendo en cuenta la situación social y eclesial, y valora la oportunidad de abrir nuevos ámbitos de atención pastoral específica. La Delegación realiza su misión en coordinación con las instancias eclesiales implicadas en este ámbito, especialmente con Cáritas y Misiones que participan en ella. CONTACTA CON NOSOTROS Responsable: Manu Moreno Dirección: Plaza Nueva, 4-2º, 48005 BILBAO Telefono: 94 479 56 13 Mail: caridadyjusticia@bizkeliza.org</p>
