{"id":202,"date":"2020-05-28T08:12:07","date_gmt":"2020-05-28T08:12:07","guid":{"rendered":"https:\/\/vicaria6.bizkeliza.net\/?page_id=202"},"modified":"2020-07-08T08:29:39","modified_gmt":"2020-07-08T08:29:39","slug":"pastoral-salud","status":"publish","type":"page","link":"https:\/\/vicaria6.bizkeliza.net\/?page_id=202","title":{"rendered":"Past. SALUD"},"content":{"rendered":"<h5 style=\"text-align: center;\"><em><strong><span style=\"color: #ff00ff;\">Jes\u00fas reuni\u00f3 a los Doce y les dio autoridad para expulsar a todos los malos esp\u00edritus y poder para curar enfermedades. Despu\u00e9s los envi\u00f3 a anunciar el Reino de Dios y a curar\u00a0(Lc 9, 1-2).<\/span><\/strong><\/em><\/h5>\n<h5 style=\"text-align: center;\"><strong>Pastoral de la salud <\/strong><\/h5>\n<h5 style=\"text-align: center;\"><strong>Tiene como misi\u00f3n fundamental manifestar el amor y la presencia de Cristo y de la Iglesia junto a los que sufren la enfermedad, sus familiares y las personas que las cuidan. Para ello su tarea pastoral abarca varios campos: parroquias, servicios de asistencia religiosa en centros hospitalarios y residencias, profesionales cristianos y religiosos\/as socio-sanitarios.<\/strong><\/h5>\n<p style=\"text-align: left;\">Realiza su\u00a0<strong style=\"font-size: 16px;\">misi\u00f3n\u00a0<\/strong><span style=\"font-size: 16px;\">en el encuentro con el enfermo y su familia (dimensi\u00f3n solidaria), con los profesionales y estructuras de salud (dimensi\u00f3n pol\u00edtica-institucional), y con los sanos para potenciar una cultura m\u00e1s sensible frente al dolor, sufrimiento, discapacidad, agon\u00eda, muerte y duelo, propiciando la prevenci\u00f3n y promoci\u00f3n de la salud y la defensa de la vida (dimensi\u00f3n comunitaria).<\/span><\/p>\n<h3><strong><span style=\"color: #800000;\">COMPRENDER EL DUELO Y VIVIR\u00a0 EN ESPERANZA\u00a0<\/span><\/strong><\/h3>\n<h3><strong><span style=\"color: #800000;\">JOSE CARLOS BERMEJO.<\/span><\/strong><\/h3>\n<p><iframe title=\"Comprender el duelo y vivir en esperanza\" width=\"960\" height=\"540\" src=\"https:\/\/www.youtube.com\/embed\/0-sb1bnMu68?feature=oembed\" frameborder=\"0\" allow=\"accelerometer; autoplay; encrypted-media; gyroscope; picture-in-picture\" allowfullscreen><\/iframe><\/p>\n<h4><span style=\"color: #ff00ff;\"><b>JOS\u00c9 CARLOS BERMEJO<\/b><\/span> es religioso camilo, doctor en teolog\u00eda pastoral sanitaria, &#8220;m\u00e1ster&#8221; en bio\u00e9tica y director del &#8220;m\u00e1ster en counselling&#8221;. Dirige el Centro de Humanizaci\u00f3n de la Salud y la Escuela de Pastoral de la Salud en Madrid. Ha publicado y dirigido ediciones de numerosos libros en distintas editoriales. Aqu\u00ed nos deja alguno de sus <span style=\"color: #ff00ff;\">&#8220;cuentos con salud&#8221;<\/span><\/h4>\n<div class=\"entry-content\">\n<p><a href=\"http:\/\/www.humanizar.es\/publicaciones\/cuentos-humanizadores.html\">http:\/\/www.humanizar.es\/publicaciones\/cuentos-humanizadores.html<\/a><\/p>\n<\/div>\n","protected":false},"excerpt":{"rendered":"<p>Jes\u00fas reuni\u00f3 a los Doce y les dio autoridad para expulsar a todos los malos esp\u00edritus y poder para curar enfermedades. Despu\u00e9s los envi\u00f3 a anunciar el Reino de Dios y a curar\u00a0(Lc 9, 1-2). Pastoral de la salud Tiene como misi\u00f3n fundamental manifestar el amor y la presencia de Cristo y de la Iglesia junto a los que sufren la enfermedad, sus familiares y las personas que las cuidan. Para ello su tarea pastoral abarca varios campos: parroquias, servicios de asistencia religiosa en centros hospitalarios y residencias, profesionales cristianos y religiosos\/as socio-sanitarios. Realiza su\u00a0misi\u00f3n\u00a0en el encuentro con el enfermo y su familia (dimensi\u00f3n solidaria), con los profesionales y estructuras de salud (dimensi\u00f3n pol\u00edtica-institucional), y con los sanos para potenciar una cultura m\u00e1s sensible frente al dolor, sufrimiento, discapacidad, agon\u00eda, muerte y duelo, propiciando la prevenci\u00f3n y promoci\u00f3n de la salud y la defensa de la vida (dimensi\u00f3n comunitaria). COMPRENDER EL DUELO Y VIVIR\u00a0 EN ESPERANZA\u00a0 JOSE CARLOS BERMEJO. JOS\u00c9 CARLOS BERMEJO es religioso camilo, doctor en teolog\u00eda pastoral sanitaria, &#8220;m\u00e1ster&#8221; en bio\u00e9tica y director del &#8220;m\u00e1ster en counselling&#8221;. Dirige el Centro de Humanizaci\u00f3n de la Salud y la Escuela de Pastoral de la Salud en Madrid. Ha publicado y dirigido ediciones de numerosos libros en distintas editoriales. Aqu\u00ed nos deja alguno de sus &#8220;cuentos con salud&#8221; http:\/\/www.humanizar.es\/publicaciones\/cuentos-humanizadores.html<\/p>\n","protected":false},"author":1,"featured_media":0,"parent":0,"menu_order":0,"comment_status":"closed","ping_status":"closed","template":"","meta":{"footnotes":""},"class_list":["post-202","page","type-page","status-publish","hentry"],"aioseo_notices":[],"acf":[],"_links":{"self":[{"href":"https:\/\/vicaria6.bizkeliza.net\/index.php?rest_route=\/wp\/v2\/pages\/202","targetHints":{"allow":["GET"]}}],"collection":[{"href":"https:\/\/vicaria6.bizkeliza.net\/index.php?rest_route=\/wp\/v2\/pages"}],"about":[{"href":"https:\/\/vicaria6.bizkeliza.net\/index.php?rest_route=\/wp\/v2\/types\/page"}],"author":[{"embeddable":true,"href":"https:\/\/vicaria6.bizkeliza.net\/index.php?rest_route=\/wp\/v2\/users\/1"}],"replies":[{"embeddable":true,"href":"https:\/\/vicaria6.bizkeliza.net\/index.php?rest_route=%2Fwp%2Fv2%2Fcomments&post=202"}],"version-history":[{"count":11,"href":"https:\/\/vicaria6.bizkeliza.net\/index.php?rest_route=\/wp\/v2\/pages\/202\/revisions"}],"predecessor-version":[{"id":1822,"href":"https:\/\/vicaria6.bizkeliza.net\/index.php?rest_route=\/wp\/v2\/pages\/202\/revisions\/1822"}],"wp:attachment":[{"href":"https:\/\/vicaria6.bizkeliza.net\/index.php?rest_route=%2Fwp%2Fv2%2Fmedia&parent=202"}],"curies":[{"name":"wp","href":"https:\/\/api.w.org\/{rel}","templated":true}]}}