{"id":204,"date":"2020-05-28T08:12:36","date_gmt":"2020-05-28T08:12:36","guid":{"rendered":"https:\/\/vicaria6.bizkeliza.net\/?page_id=204"},"modified":"2020-07-09T21:14:11","modified_gmt":"2020-07-09T21:14:11","slug":"pastoral-penitenciaria","status":"publish","type":"page","link":"https:\/\/vicaria6.bizkeliza.net\/?page_id=204","title":{"rendered":"Past.  PENITENCIARIA"},"content":{"rendered":"<h3><span style=\"color: #339966;\">&#8220;Cada vez que entro en una c\u00e1rcel, me pregunto: \u00bfPor qu\u00e9 ellos y no yo?&#8221;. Papa Francisco<\/span><\/h3>\n<h4>\u00a0La Pastoral Penitenciaria<\/h4>\n<p>La Pastoral Penitenciaria tiene como misi\u00f3n la atenci\u00f3n y el servicio evangelizador a las personas privadas de libertad.<\/p>\n<p>Cuenta con un equipo humano compuesto por:<\/p>\n<h3>La Mesa Permanente,<\/h3>\n<p>cuya tarea es animar la vida cotidiana de la pastoral penitenciaria. Formada por:<\/p>\n<ul>\n<li>Jorge Muriel (Responsable-coordinador de la pastoral penitenciaria)<\/li>\n<li>Manu Moreno (Delegado de Caridad y Justicia)<\/li>\n<li>Oscar Jim\u00e9nez (Director de la Asociaci\u00f3n Bidesari)<\/li>\n<li>Josean P\u00e9rez (Voluntario)<\/li>\n<\/ul>\n<h3>La Asamblea de Pastoral Penitenciaria,<\/h3>\n<p>donde se van dialogando los senderos a caminar por esta pastoral. Formada por 40 voluntarios.<\/p>\n<h3>La Asociaci\u00f3n Bidesari,<\/h3>\n<p>que nace de la pastoral penitenciaria. Cuya misi\u00f3n es, desde una espiritualidad cristiana, responder a las necesidades cambiantes de las personas privadas de libertad, trabajando su educaci\u00f3n e incorporaci\u00f3n social (<a href=\"http:\/\/bidesari.org\/\" target=\"_blank\" rel=\"noopener noreferrer\">www.bidesari.org<\/a>)<\/p>\n<h4>Misi\u00f3n de la Pastoral Penitenciaria<\/h4>\n<ul class=\"ul1\">\n<li class=\"li1\"><span class=\"s2\">EVANGELIZAR el mundo penitenciario<\/span><span class=\"s3\"><br \/>\n<\/span><\/li>\n<li class=\"li1\"><span class=\"s2\">HUMANIZAR mediante la promoci\u00f3n de los derechos fundamentales<\/span><span class=\"s3\"><br \/>\n<\/span><\/li>\n<li class=\"li1\"><span class=\"s2\">SERVIR DE PUENTE entre la c\u00e1rcel y la sociedad<\/span><span class=\"s3\"><br \/>\n<\/span><\/li>\n<li class=\"li1\"><span class=\"s2\">INFORMAR Y SENSIBILIZAR a las comunidades cristianas<\/span><span class=\"s3\"><br \/>\n<\/span><\/li>\n<li class=\"li1\"><span class=\"s2\">PROMOVER y FORMAR agentes pastorales<\/span><span class=\"s3\"><br \/>\n<\/span><\/li>\n<li class=\"li1\"><span class=\"s2\">APOYAR y COORDINAR recursos, actividades y servicios<\/span><span class=\"s3\"><br \/>\n<\/span><\/li>\n<li class=\"li1\"><span class=\"s2\">ATENDER a las familias de las personas privadas de libertad<\/span><span class=\"s3\"><br \/>\n<\/span><\/li>\n<li class=\"li1\"><span class=\"s2\">ACOGER y ATENDER a v\u00edctimas de delitos\u00a0(mediaci\u00f3n, reparaci\u00f3n, reconciliaci\u00f3n)<\/span><\/li>\n<\/ul>\n<h4><span style=\"color: #ff6600;\">Una propuesta de experiencia&#8230;<\/span><\/h4>\n<p><iframe title=\"Campo de Trabajo en la carcel de Basauri\" width=\"960\" height=\"540\" src=\"https:\/\/www.youtube.com\/embed\/9P7pvnEUFFM?feature=oembed\" frameborder=\"0\" allow=\"accelerometer; autoplay; encrypted-media; gyroscope; picture-in-picture\" allowfullscreen><\/iframe><\/p>\n<p>&nbsp;<\/p>\n<p>&nbsp;<\/p>\n","protected":false},"excerpt":{"rendered":"<p>&#8220;Cada vez que entro en una c\u00e1rcel, me pregunto: \u00bfPor qu\u00e9 ellos y no yo?&#8221;. Papa Francisco \u00a0La Pastoral Penitenciaria La Pastoral Penitenciaria tiene como misi\u00f3n la atenci\u00f3n y el servicio evangelizador a las personas privadas de libertad. Cuenta con un equipo humano compuesto por: La Mesa Permanente, cuya tarea es animar la vida cotidiana de la pastoral penitenciaria. Formada por: Jorge Muriel (Responsable-coordinador de la pastoral penitenciaria) Manu Moreno (Delegado de Caridad y Justicia) Oscar Jim\u00e9nez (Director de la Asociaci\u00f3n Bidesari) Josean P\u00e9rez (Voluntario) La Asamblea de Pastoral Penitenciaria, donde se van dialogando los senderos a caminar por esta pastoral. Formada por 40 voluntarios. La Asociaci\u00f3n Bidesari, que nace de la pastoral penitenciaria. Cuya misi\u00f3n es, desde una espiritualidad cristiana, responder a las necesidades cambiantes de las personas privadas de libertad, trabajando su educaci\u00f3n e incorporaci\u00f3n social (www.bidesari.org) Misi\u00f3n de la Pastoral Penitenciaria EVANGELIZAR el mundo penitenciario HUMANIZAR mediante la promoci\u00f3n de los derechos fundamentales SERVIR DE PUENTE entre la c\u00e1rcel y la sociedad INFORMAR Y SENSIBILIZAR a las comunidades cristianas PROMOVER y FORMAR agentes pastorales APOYAR y COORDINAR recursos, actividades y servicios ATENDER a las familias de las personas privadas de libertad ACOGER y ATENDER a v\u00edctimas de delitos\u00a0(mediaci\u00f3n, reparaci\u00f3n, reconciliaci\u00f3n) Una propuesta de experiencia&#8230; &nbsp; &nbsp;<\/p>\n","protected":false},"author":1,"featured_media":0,"parent":0,"menu_order":0,"comment_status":"closed","ping_status":"closed","template":"","meta":{"footnotes":""},"class_list":["post-204","page","type-page","status-publish","hentry"],"aioseo_notices":[],"acf":[],"_links":{"self":[{"href":"https:\/\/vicaria6.bizkeliza.net\/index.php?rest_route=\/wp\/v2\/pages\/204","targetHints":{"allow":["GET"]}}],"collection":[{"href":"https:\/\/vicaria6.bizkeliza.net\/index.php?rest_route=\/wp\/v2\/pages"}],"about":[{"href":"https:\/\/vicaria6.bizkeliza.net\/index.php?rest_route=\/wp\/v2\/types\/page"}],"author":[{"embeddable":true,"href":"https:\/\/vicaria6.bizkeliza.net\/index.php?rest_route=\/wp\/v2\/users\/1"}],"replies":[{"embeddable":true,"href":"https:\/\/vicaria6.bizkeliza.net\/index.php?rest_route=%2Fwp%2Fv2%2Fcomments&post=204"}],"version-history":[{"count":5,"href":"https:\/\/vicaria6.bizkeliza.net\/index.php?rest_route=\/wp\/v2\/pages\/204\/revisions"}],"predecessor-version":[{"id":1926,"href":"https:\/\/vicaria6.bizkeliza.net\/index.php?rest_route=\/wp\/v2\/pages\/204\/revisions\/1926"}],"wp:attachment":[{"href":"https:\/\/vicaria6.bizkeliza.net\/index.php?rest_route=%2Fwp%2Fv2%2Fmedia&parent=204"}],"curies":[{"name":"wp","href":"https:\/\/api.w.org\/{rel}","templated":true}]}}

<h3><span style="color: #339966;">&#8220;Cada vez que entro en una cárcel, me pregunto: ¿Por qué ellos y no yo?&#8221;. Papa Francisco</span></h3>
<h4> La Pastoral Penitenciaria</h4>
<p>La Pastoral Penitenciaria tiene como misión la atención y el servicio evangelizador a las personas privadas de libertad.</p>
<p>Cuenta con un equipo humano compuesto por:</p>
<h3>La Mesa Permanente,</h3>
<p>cuya tarea es animar la vida cotidiana de la pastoral penitenciaria. Formada por:</p>
<ul>
<li>Jorge Muriel (Responsable-coordinador de la pastoral penitenciaria)</li>
<li>Manu Moreno (Delegado de Caridad y Justicia)</li>
<li>Oscar Jiménez (Director de la Asociación Bidesari)</li>
<li>Josean Pérez (Voluntario)</li>
</ul>
<h3>La Asamblea de Pastoral Penitenciaria,</h3>
<p>donde se van dialogando los senderos a caminar por esta pastoral. Formada por 40 voluntarios.</p>
<h3>La Asociación Bidesari,</h3>
<p>que nace de la pastoral penitenciaria. Cuya misión es, desde una espiritualidad cristiana, responder a las necesidades cambiantes de las personas privadas de libertad, trabajando su educación e incorporación social (<a href="http://bidesari.org/" target="_blank" rel="noopener noreferrer">www.bidesari.org</a>)</p>
<h4>Misión de la Pastoral Penitenciaria</h4>
<ul class="ul1">
<li class="li1"><span class="s2">EVANGELIZAR el mundo penitenciario</span><span class="s3"><br />
</span></li>
<li class="li1"><span class="s2">HUMANIZAR mediante la promoción de los derechos fundamentales</span><span class="s3"><br />
</span></li>
<li class="li1"><span class="s2">SERVIR DE PUENTE entre la cárcel y la sociedad</span><span class="s3"><br />
</span></li>
<li class="li1"><span class="s2">INFORMAR Y SENSIBILIZAR a las comunidades cristianas</span><span class="s3"><br />
</span></li>
<li class="li1"><span class="s2">PROMOVER y FORMAR agentes pastorales</span><span class="s3"><br />
</span></li>
<li class="li1"><span class="s2">APOYAR y COORDINAR recursos, actividades y servicios</span><span class="s3"><br />
</span></li>
<li class="li1"><span class="s2">ATENDER a las familias de las personas privadas de libertad</span><span class="s3"><br />
</span></li>
<li class="li1"><span class="s2">ACOGER y ATENDER a víctimas de delitos (mediación, reparación, reconciliación)</span></li>
</ul>
<h4><span style="color: #ff6600;">Una propuesta de experiencia&#8230;</span></h4>
<p><iframe title="Campo de Trabajo en la carcel de Basauri" width="960" height="540" src="https://www.youtube.com/embed/9P7pvnEUFFM?feature=oembed" frameborder="0" allow="accelerometer; autoplay; encrypted-media; gyroscope; picture-in-picture" allowfullscreen></iframe></p>
<p>&nbsp;</p>
<p>&nbsp;</p>

<p>&#8220;Cada vez que entro en una cárcel, me pregunto: ¿Por qué ellos y no yo?&#8221;. Papa Francisco  La Pastoral Penitenciaria La Pastoral Penitenciaria tiene como misión la atención y el servicio evangelizador a las personas privadas de libertad. Cuenta con un equipo humano compuesto por: La Mesa Permanente, cuya tarea es animar la vida cotidiana de la pastoral penitenciaria. Formada por: Jorge Muriel (Responsable-coordinador de la pastoral penitenciaria) Manu Moreno (Delegado de Caridad y Justicia) Oscar Jiménez (Director de la Asociación Bidesari) Josean Pérez (Voluntario) La Asamblea de Pastoral Penitenciaria, donde se van dialogando los senderos a caminar por esta pastoral. Formada por 40 voluntarios. La Asociación Bidesari, que nace de la pastoral penitenciaria. Cuya misión es, desde una espiritualidad cristiana, responder a las necesidades cambiantes de las personas privadas de libertad, trabajando su educación e incorporación social (www.bidesari.org) Misión de la Pastoral Penitenciaria EVANGELIZAR el mundo penitenciario HUMANIZAR mediante la promoción de los derechos fundamentales SERVIR DE PUENTE entre la cárcel y la sociedad INFORMAR Y SENSIBILIZAR a las comunidades cristianas PROMOVER y FORMAR agentes pastorales APOYAR y COORDINAR recursos, actividades y servicios ATENDER a las familias de las personas privadas de libertad ACOGER y ATENDER a víctimas de delitos (mediación, reparación, reconciliación) Una propuesta de experiencia&#8230; &nbsp; &nbsp;</p>
