{"id":207,"date":"2020-05-28T08:15:13","date_gmt":"2020-05-28T08:15:13","guid":{"rendered":"https:\/\/vicaria6.bizkeliza.net\/?page_id=207"},"modified":"2020-07-09T20:55:04","modified_gmt":"2020-07-09T20:55:04","slug":"migraciones","status":"publish","type":"page","link":"https:\/\/vicaria6.bizkeliza.net\/?page_id=207","title":{"rendered":"Past. MIGRACIONES"},"content":{"rendered":"<h3><span style=\"color: #339966;\">&#8220;Nadie sin futuro&#8221; Papa Francisco<\/span><\/h3>\n<h4><strong>Pastoral de Migraciones<\/strong><\/h4>\n<div id=\"c12120\" class=\"frame default\">\n<p>Tiene como misi\u00f3n la animaci\u00f3n de la acci\u00f3n evangelizadora en el \u00e1mbito de las migraciones en toda nuestra di\u00f3cesis. Esta misi\u00f3n se concreta en el acompa\u00f1amiento a las distintas realidades pastorales en este \u00e1mbito, la sensibilizaci\u00f3n sobre la realidad de las migraciones, el impulso del compromiso personal y comunitario y la coordinaci\u00f3n con otras realidades pastorales y sociales que trabajan en el \u00e1mbito de las migraciones.<\/p>\n<\/div>\n<h4><span style=\"color: #ff6600;\">Una propuesta<\/span><\/h4>\n<p><iframe title=\"C\u00edrculos de Silencio-Bizkaia Isilik\" width=\"960\" height=\"540\" src=\"https:\/\/www.youtube.com\/embed\/m4bcdQH3XJg?feature=oembed\" frameborder=\"0\" allow=\"accelerometer; autoplay; encrypted-media; gyroscope; picture-in-picture\" allowfullscreen><\/iframe><\/p>\n<p>Mas informaci\u00f3n en :<\/p>\n<p><a href=\"http:\/\/www.bizkeliza.org\/circulosdelsilencio\/\">C\u00edrculos del Silencio<\/a><\/p>\n<p><a href=\"https:\/\/circulosdesilencio.wordpress.com\/materiales\/\">Materiales de sensibilizaci\u00f3n<\/a><\/p>\n","protected":false},"excerpt":{"rendered":"<p>&#8220;Nadie sin futuro&#8221; Papa Francisco Pastoral de Migraciones Tiene como misi\u00f3n la animaci\u00f3n de la acci\u00f3n evangelizadora en el \u00e1mbito de las migraciones en toda nuestra di\u00f3cesis. Esta misi\u00f3n se concreta en el acompa\u00f1amiento a las distintas realidades pastorales en este \u00e1mbito, la sensibilizaci\u00f3n sobre la realidad de las migraciones, el impulso del compromiso personal y comunitario y la coordinaci\u00f3n con otras realidades pastorales y sociales que trabajan en el \u00e1mbito de las migraciones. Una propuesta Mas informaci\u00f3n en : C\u00edrculos del Silencio<\/p>\n","protected":false},"author":1,"featured_media":0,"parent":0,"menu_order":0,"comment_status":"closed","ping_status":"closed","template":"","meta":{"footnotes":""},"class_list":["post-207","page","type-page","status-publish","hentry"],"aioseo_notices":[],"acf":[],"_links":{"self":[{"href":"https:\/\/vicaria6.bizkeliza.net\/index.php?rest_route=\/wp\/v2\/pages\/207","targetHints":{"allow":["GET"]}}],"collection":[{"href":"https:\/\/vicaria6.bizkeliza.net\/index.php?rest_route=\/wp\/v2\/pages"}],"about":[{"href":"https:\/\/vicaria6.bizkeliza.net\/index.php?rest_route=\/wp\/v2\/types\/page"}],"author":[{"embeddable":true,"href":"https:\/\/vicaria6.bizkeliza.net\/index.php?rest_route=\/wp\/v2\/users\/1"}],"replies":[{"embeddable":true,"href":"https:\/\/vicaria6.bizkeliza.net\/index.php?rest_route=%2Fwp%2Fv2%2Fcomments&post=207"}],"version-history":[{"count":6,"href":"https:\/\/vicaria6.bizkeliza.net\/index.php?rest_route=\/wp\/v2\/pages\/207\/revisions"}],"predecessor-version":[{"id":1923,"href":"https:\/\/vicaria6.bizkeliza.net\/index.php?rest_route=\/wp\/v2\/pages\/207\/revisions\/1923"}],"wp:attachment":[{"href":"https:\/\/vicaria6.bizkeliza.net\/index.php?rest_route=%2Fwp%2Fv2%2Fmedia&parent=207"}],"curies":[{"name":"wp","href":"https:\/\/api.w.org\/{rel}","templated":true}]}}