{"id":275,"date":"2020-05-28T08:53:21","date_gmt":"2020-05-28T08:53:21","guid":{"rendered":"https:\/\/vicaria6.bizkeliza.net\/?page_id=275"},"modified":"2025-01-28T17:27:27","modified_gmt":"2025-01-28T17:27:27","slug":"equipo-vicarial","status":"publish","type":"page","link":"https:\/\/vicaria6.bizkeliza.net\/?page_id=275","title":{"rendered":"EQUIPO VICARIAL  &#8220;LAN TALDE&#8221;"},"content":{"rendered":"<h3 style=\"text-align: center;\"><span style=\"color: #ff6600; font-size: 18pt; font-family: verdana, geneva, sans-serif;\"><strong>Equipo para\u00a0 la Animaci\u00f3n y Acompa\u00f1amiento Pastoral al servicio de la Vicar\u00eda VI:<\/strong><\/span><\/h3>\n<p><a href=\"https:\/\/vicaria6.bizkeliza.net\/wp-content\/uploads\/2021\/12\/network-g261ad9e1c_1920.png\"><img fetchpriority=\"high\" decoding=\"async\" class=\"wp-image-4747 alignleft\" src=\"https:\/\/vicaria6.bizkeliza.net\/wp-content\/uploads\/2021\/12\/network-g261ad9e1c_1920.png\" alt=\"equipo\" width=\"456\" height=\"304\" srcset=\"https:\/\/vicaria6.bizkeliza.net\/wp-content\/uploads\/2021\/12\/network-g261ad9e1c_1920.png 1920w, https:\/\/vicaria6.bizkeliza.net\/wp-content\/uploads\/2021\/12\/network-g261ad9e1c_1920-300x200.png 300w, https:\/\/vicaria6.bizkeliza.net\/wp-content\/uploads\/2021\/12\/network-g261ad9e1c_1920-1024x683.png 1024w, https:\/\/vicaria6.bizkeliza.net\/wp-content\/uploads\/2021\/12\/network-g261ad9e1c_1920-768x512.png 768w, https:\/\/vicaria6.bizkeliza.net\/wp-content\/uploads\/2021\/12\/network-g261ad9e1c_1920-1536x1024.png 1536w, https:\/\/vicaria6.bizkeliza.net\/wp-content\/uploads\/2021\/12\/network-g261ad9e1c_1920-1140x760.png 1140w\" sizes=\"(max-width: 456px) 100vw, 456px\" \/><\/a><\/p>\n<p>Somos un equipo formado por cuatro laicos y el vicario al servicio de la Di\u00f3cesis de Bilbao, \u00a0con encomienda del Obispo, nos reunimos y trabajamos en conjunto para la animaci\u00f3n-acompa\u00f1amiento de la pastoral y el proceso de evangelizaci\u00f3n de la Vicaria VI. Animamos generando ideas vivas que trascienden el trabajo de cada comunidad \u00a0y acompa\u00f1amos la realidad en cada comunidad, aportando recursos que pueden ser necesarios para la misi\u00f3n evangelizadora. Todo ello a fin de dar a conocer a Jesucristo, \u00a0ofrecer la conversi\u00f3n a una vida nueva, una nueva dimensi\u00f3n de su humanidad con respecto al Reino de Dios, que sea generadora de vida en plenitud y abundancia presente y\u00a0 futura.<\/p>\n<p>&nbsp;<\/p>\n<p><strong><span style=\"color: #ff6600;\">En la actualidad el equipo est\u00e1 formado por :<\/span><\/strong><\/p>\n<p><b>Felix Larrondo: Vicario de la Vicaria VI. <\/b>Fue ordenado presb\u00edtero en la parroquia de Santa Mar\u00eda de Erandio, el 29 de junio de 1988. Es licenciado en pedagog\u00eda y bachiller en Teolog\u00eda, por la universidad de Deusto. Actualmente es Moderador de la Unidad Pastoral del Txorierri.<\/p>\n<p>&#8220;Ilusinoz beteta nator. Gazte sentitzen naz eta talde barrian ondino niretik emon neikela uste dot.&#8221;<\/p>\n<p>Telf :665521719<\/p>\n<p>E-Mail:<a href=\"mailto:bikario6@bizkeliza.org\">bikario6@bizkeliza.org<\/a><\/p>\n<p><strong>C\u00e1rmen L\u00f3pez:<\/strong> Laica, madre de dos hijos, vecina de Getxo,\u00a0 al servicio de la di\u00f3cesis en tareas pastorales desde hace veintisiete a\u00f1os y ahora Coordinadora de los equipos SARE ( Servicio de Acompa\u00f1amiento Religioso y Espiritual en\u00a0 los Hospitales) de Urduliz y Gorliz.<\/p>\n<p>Telf: 688733049 .<\/p>\n<p>E-Mail to: <a href=\"mailto:clopez@bizkeliza.org\">clopez@bizkeliza.org<\/a><\/p>\n<p><strong>Guillermo Ayuso:<\/strong> Laico, padre de dos hijas. Coordinador de Caritas Bizkaia en la Vicaria VI.Si quieres contactar con \u00e9l puedes hacerlo o en el email <a href=\"mailto:caritasbi@caritasbi.org\">pinchando aqu\u00ed<\/a> o el tel\u00e9fono\u00a094 402 00 99\u00a0y te informaremos sobre lo que necesites.<\/p>\n<p><strong>Blanca Villanueva:<\/strong> Laica, madre de dos hijos, vecina de Plentzia, al servicio de la di\u00f3cesis en tareas pastorales desde hace 14 a\u00f1os y ahora Responsable del \u00e1rea de Anuncio y Catequesis en la vicaria VI.<\/p>\n<p>Telf: 688722780<\/p>\n<p>E-Mail: <a href=\"mailto:anunciovicariasexta@gmail.com\">anunciovicariasexta@gmail.com<\/a><\/p>\n<p>&nbsp;<\/p>\n<p>&nbsp;<\/p>\n<p>&nbsp;<\/p>\n<p>&nbsp;<\/p>\n","protected":false},"excerpt":{"rendered":"<p>Equipo para\u00a0 la Animaci\u00f3n y Acompa\u00f1amiento Pastoral al servicio de la Vicar\u00eda VI: Somos un equipo formado por cuatro laicos y el vicario al servicio de la Di\u00f3cesis de Bilbao, \u00a0con encomienda del Obispo, nos reunimos y trabajamos en conjunto para la animaci\u00f3n-acompa\u00f1amiento de la pastoral y el proceso de evangelizaci\u00f3n de la Vicaria VI. Animamos generando ideas vivas que trascienden el trabajo de cada comunidad \u00a0y acompa\u00f1amos la realidad en cada comunidad, aportando recursos que pueden ser necesarios para la misi\u00f3n evangelizadora. Todo ello a fin de dar a conocer a Jesucristo, \u00a0ofrecer la conversi\u00f3n a una vida nueva, una nueva dimensi\u00f3n de su humanidad con respecto al Reino de Dios, que sea generadora de vida en plenitud y abundancia presente y\u00a0 futura. &nbsp; En la actualidad el equipo est\u00e1 formado por : Felix Larrondo: Vicario de la Vicaria VI. Fue ordenado presb\u00edtero en la parroquia de Santa Mar\u00eda de Erandio, el 29 de junio de 1988. Es licenciado en pedagog\u00eda y bachiller en Teolog\u00eda, por la universidad de Deusto. Actualmente es Moderador de la Unidad Pastoral del Txorierri. &#8220;Ilusinoz beteta nator. Gazte sentitzen naz eta talde barrian ondino niretik emon neikela uste dot.&#8221; Telf :665521719 E-Mail:bikario6@bizkeliza.org C\u00e1rmen L\u00f3pez: Laica, madre de dos hijos, vecina de Getxo,\u00a0 al servicio de la di\u00f3cesis en tareas pastorales desde hace veintisiete a\u00f1os y ahora Coordinadora de los equipos SARE ( Servicio de Acompa\u00f1amiento Religioso y Espiritual en\u00a0 los Hospitales) de Urduliz y Gorliz. Telf: 688733049 . E-Mail to: clopez@bizkeliza.org Guillermo Ayuso: Laico, padre de dos hijas. Coordinador de Caritas Bizkaia en la Vicaria VI.Si quieres contactar con \u00e9l puedes hacerlo o en el email pinchando aqu\u00ed o el tel\u00e9fono\u00a094 402 00 99\u00a0y te informaremos sobre lo que necesites. Blanca Villanueva: Laica, madre de dos hijos, vecina de Plentzia, al servicio de la di\u00f3cesis en tareas pastorales desde hace 14 a\u00f1os y ahora Responsable del \u00e1rea de Anuncio y Catequesis en la vicaria VI. Telf: 688722780 E-Mail: anunciovicariasexta@gmail.com &nbsp; &nbsp; &nbsp; &nbsp;<\/p>\n","protected":false},"author":1,"featured_media":0,"parent":0,"menu_order":0,"comment_status":"closed","ping_status":"closed","template":"","meta":{"footnotes":""},"class_list":["post-275","page","type-page","status-publish","hentry"],"aioseo_notices":[],"acf":[],"_links":{"self":[{"href":"https:\/\/vicaria6.bizkeliza.net\/index.php?rest_route=\/wp\/v2\/pages\/275","targetHints":{"allow":["GET"]}}],"collection":[{"href":"https:\/\/vicaria6.bizkeliza.net\/index.php?rest_route=\/wp\/v2\/pages"}],"about":[{"href":"https:\/\/vicaria6.bizkeliza.net\/index.php?rest_route=\/wp\/v2\/types\/page"}],"author":[{"embeddable":true,"href":"https:\/\/vicaria6.bizkeliza.net\/index.php?rest_route=\/wp\/v2\/users\/1"}],"replies":[{"embeddable":true,"href":"https:\/\/vicaria6.bizkeliza.net\/index.php?rest_route=%2Fwp%2Fv2%2Fcomments&post=275"}],"version-history":[{"count":10,"href":"https:\/\/vicaria6.bizkeliza.net\/index.php?rest_route=\/wp\/v2\/pages\/275\/revisions"}],"predecessor-version":[{"id":7825,"href":"https:\/\/vicaria6.bizkeliza.net\/index.php?rest_route=\/wp\/v2\/pages\/275\/revisions\/7825"}],"wp:attachment":[{"href":"https:\/\/vicaria6.bizkeliza.net\/index.php?rest_route=%2Fwp%2Fv2%2Fmedia&parent=275"}],"curies":[{"name":"wp","href":"https:\/\/api.w.org\/{rel}","templated":true}]}}