{"id":4036,"date":"2021-05-06T09:10:55","date_gmt":"2021-05-06T09:10:55","guid":{"rendered":"https:\/\/vicaria6.bizkeliza.net\/?page_id=4036"},"modified":"2021-06-11T07:40:23","modified_gmt":"2021-06-11T07:40:23","slug":"recursos-para-pastoral-diocesanos","status":"publish","type":"page","link":"https:\/\/vicaria6.bizkeliza.net\/?page_id=4036","title":{"rendered":"RECURSOS  PARA PASTORAL DIOCESANOS- ZUZENEAN"},"content":{"rendered":"<p><strong>ZUZENEAN<\/strong> es el espacio donde se van colgando muchos de los materiales que se van elaborando desde la Di\u00f3cesis de Bilbao dirigidos a la acci\u00f3n pastoral.<\/p>\n<p>Te invitamos a entrar, visitarla con frecuencia si estas buscando recursos para la catequesis, la oraci\u00f3n, el trabajo con familias, jov\u00e9nes&#8230; cada vez hay mas novedades.\u00a0<span style=\"color: #008000;\"><strong> <a style=\"color: #008000;\" href=\"https:\/\/zuzenean.bizkeliza.net\/\">AQUI<\/a><\/strong><\/span><\/p>\n<p>&nbsp;<\/p>\n<h1 style=\"text-align: left;\"><strong><a href=\"https:\/\/zuzenean.bizkeliza.net\/\"><img decoding=\"async\" class=\"wp-image-1999 alignleft\" src=\"https:\/\/vicaria6.bizkeliza.net\/wp-content\/uploads\/2020\/07\/dedo.jpg\" alt=\"Dirigete al n\u00famero\" width=\"177\" height=\"93\" srcset=\"https:\/\/vicaria6.bizkeliza.net\/wp-content\/uploads\/2020\/07\/dedo.jpg 1200w, https:\/\/vicaria6.bizkeliza.net\/wp-content\/uploads\/2020\/07\/dedo-300x158.jpg 300w, https:\/\/vicaria6.bizkeliza.net\/wp-content\/uploads\/2020\/07\/dedo-1024x538.jpg 1024w, https:\/\/vicaria6.bizkeliza.net\/wp-content\/uploads\/2020\/07\/dedo-768x403.jpg 768w, https:\/\/vicaria6.bizkeliza.net\/wp-content\/uploads\/2020\/07\/dedo-1140x599.jpg 1140w\" sizes=\"(max-width: 177px) 100vw, 177px\" \/><\/a><\/strong><\/h1>\n<h1 style=\"text-align: left;\"><a href=\"https:\/\/zuzenean.bizkeliza.net\/\"><span style=\"color: #008000;\"><strong>ZUZENEAN<\/strong><\/span><\/a><\/h1>\n<p>&nbsp;<\/p>\n","protected":false},"excerpt":{"rendered":"<p>ZUZENEAN es el espacio donde se van colgando muchos de los materiales que se van elaborando desde la Di\u00f3cesis de Bilbao dirigidos a la acci\u00f3n pastoral. Te invitamos a entrar, visitarla con frecuencia si estas buscando recursos para la catequesis, la oraci\u00f3n, el trabajo con familias, jov\u00e9nes&#8230; cada vez hay mas novedades.\u00a0 AQUI &nbsp; ZUZENEAN &nbsp;<\/p>\n","protected":false},"author":1,"featured_media":0,"parent":0,"menu_order":0,"comment_status":"closed","ping_status":"closed","template":"","meta":{"footnotes":""},"class_list":["post-4036","page","type-page","status-publish","hentry"],"aioseo_notices":[],"acf":[],"_links":{"self":[{"href":"https:\/\/vicaria6.bizkeliza.net\/index.php?rest_route=\/wp\/v2\/pages\/4036","targetHints":{"allow":["GET"]}}],"collection":[{"href":"https:\/\/vicaria6.bizkeliza.net\/index.php?rest_route=\/wp\/v2\/pages"}],"about":[{"href":"https:\/\/vicaria6.bizkeliza.net\/index.php?rest_route=\/wp\/v2\/types\/page"}],"author":[{"embeddable":true,"href":"https:\/\/vicaria6.bizkeliza.net\/index.php?rest_route=\/wp\/v2\/users\/1"}],"replies":[{"embeddable":true,"href":"https:\/\/vicaria6.bizkeliza.net\/index.php?rest_route=%2Fwp%2Fv2%2Fcomments&post=4036"}],"version-history":[{"count":6,"href":"https:\/\/vicaria6.bizkeliza.net\/index.php?rest_route=\/wp\/v2\/pages\/4036\/revisions"}],"predecessor-version":[{"id":4189,"href":"https:\/\/vicaria6.bizkeliza.net\/index.php?rest_route=\/wp\/v2\/pages\/4036\/revisions\/4189"}],"wp:attachment":[{"href":"https:\/\/vicaria6.bizkeliza.net\/index.php?rest_route=%2Fwp%2Fv2%2Fmedia&parent=4036"}],"curies":[{"name":"wp","href":"https:\/\/api.w.org\/{rel}","templated":true}]}}

<p><strong>ZUZENEAN</strong> es el espacio donde se van colgando muchos de los materiales que se van elaborando desde la Diócesis de Bilbao dirigidos a la acción pastoral.</p>
<p>Te invitamos a entrar, visitarla con frecuencia si estas buscando recursos para la catequesis, la oración, el trabajo con familias, jovénes&#8230; cada vez hay mas novedades. <span style="color: #008000;"><strong> <a style="color: #008000;" href="https://zuzenean.bizkeliza.net/">AQUI</a></strong></span></p>
<p>&nbsp;</p>
<h1 style="text-align: left;"><strong><a href="https://zuzenean.bizkeliza.net/"><img decoding="async" class="wp-image-1999 alignleft" src="https://vicaria6.bizkeliza.net/wp-content/uploads/2020/07/dedo.jpg" alt="Dirigete al número" width="177" height="93" srcset="https://vicaria6.bizkeliza.net/wp-content/uploads/2020/07/dedo.jpg 1200w, https://vicaria6.bizkeliza.net/wp-content/uploads/2020/07/dedo-300x158.jpg 300w, https://vicaria6.bizkeliza.net/wp-content/uploads/2020/07/dedo-1024x538.jpg 1024w, https://vicaria6.bizkeliza.net/wp-content/uploads/2020/07/dedo-768x403.jpg 768w, https://vicaria6.bizkeliza.net/wp-content/uploads/2020/07/dedo-1140x599.jpg 1140w" sizes="(max-width: 177px) 100vw, 177px" /></a></strong></h1>
<h1 style="text-align: left;"><a href="https://zuzenean.bizkeliza.net/"><span style="color: #008000;"><strong>ZUZENEAN</strong></span></a></h1>
<p>&nbsp;</p>

<p>ZUZENEAN es el espacio donde se van colgando muchos de los materiales que se van elaborando desde la Diócesis de Bilbao dirigidos a la acción pastoral. Te invitamos a entrar, visitarla con frecuencia si estas buscando recursos para la catequesis, la oración, el trabajo con familias, jovénes&#8230; cada vez hay mas novedades.  AQUI &nbsp; ZUZENEAN &nbsp;</p>
