{"id":82,"date":"2020-05-27T11:15:35","date_gmt":"2020-05-27T11:15:35","guid":{"rendered":"https:\/\/vicaria6.bizkeliza.net\/?page_id=82"},"modified":"2022-09-30T10:05:26","modified_gmt":"2022-09-30T10:05:26","slug":"unidades-pastorales","status":"publish","type":"page","link":"https:\/\/vicaria6.bizkeliza.net\/?page_id=82","title":{"rendered":"Parroquias &#8211; Unidades Pastorales"},"content":{"rendered":"<h2><span style=\"color: #339966;\">\u00a0\u201c&#8230;para revitalizar nuestras comunidades a la luz de la Palabra para la misi\u00f3n\u201d<\/span><\/h2>\n<h4 style=\"text-align: center;\"><strong><span style=\"color: #ff6600;\">LAS PARROQUIAS<\/span><\/strong><\/h4>\n<p><iframe title=\"Parroquias al servicio de la misi\u00f3n \u2013 El Video del Papa \u2013 Septiembre 2017\" width=\"960\" height=\"540\" src=\"https:\/\/www.youtube.com\/embed\/G9jy1BJd-U4?feature=oembed\" frameborder=\"0\" allow=\"accelerometer; autoplay; encrypted-media; gyroscope; picture-in-picture\" allowfullscreen><\/iframe><\/p>\n<h4 style=\"text-align: center;\"><strong><span style=\"color: #ff6600;\">LAS UNIDADES PASTORALES\u00a0<\/span><\/strong><\/h4>\n<p><span style=\"color: #ff6600;\">La Vicaria VI<\/span> cuenta con tres Unidades pastorales constituidas actualmente: up Leioa, up Txorierri y la up Uribe Kosta Bekoa. Esperamos que a lo largo de este curso se lleven a t\u00e9rmino los pasos dados en otros terriotorios para la erecci\u00f3n de otras dos unidades pastorales m\u00e1s.<\/p>\n<p style=\"font-weight: 400;\"><strong>\u00bfQu\u00e9 son las unidades pastorales?<\/strong><\/p>\n<p style=\"font-weight: 400;\">\u00a0Una nueva configuraci\u00f3n pastoral, en la que convergen elementos como:<\/p>\n<p style=\"font-weight: 400;\">&#8211;\u00a0\u00a0\u00a0\u00a0\u00a0\u00a0\u00a0\u00a0\u00a0\u00a0\u00a0\u00a0\u00a0\u00a0\u00a0\u00a0\u00a0incorporaci\u00f3n y corresponsabilidad de los laicos,<\/p>\n<p style=\"font-weight: 400;\">&#8211;\u00a0\u00a0\u00a0\u00a0\u00a0\u00a0\u00a0\u00a0\u00a0\u00a0\u00a0\u00a0\u00a0\u00a0\u00a0\u00a0\u00a0participaci\u00f3n activa de religiosos\/as y<\/p>\n<p style=\"font-weight: 400;\">&#8211;\u00a0\u00a0\u00a0\u00a0\u00a0\u00a0\u00a0\u00a0\u00a0\u00a0\u00a0\u00a0\u00a0\u00a0\u00a0\u00a0\u00a0articulaci\u00f3n de todos ellos en equipo con los sacerdotes,<\/p>\n<p style=\"font-weight: 400;\">&#8211;\u00a0\u00a0\u00a0\u00a0\u00a0\u00a0\u00a0\u00a0\u00a0\u00a0\u00a0\u00a0\u00a0\u00a0\u00a0\u00a0\u00a0para una zona geogr\u00e1fica que incluye varia parroquias lim\u00edtrofes.<\/p>\n<p style=\"font-weight: 400;\">\u00a0\u00a0\u00a0\u00a0\u00a0\u00a0\u00a0\u00a0\u00a0\u00a0\u00a0 Y en un intento de definici\u00f3n, ser\u00eda: \u201caquella agrupaci\u00f3n estable de habitantes que, viviendo en una o varias parroquias lim\u00edtrofes, pueden formar una comunidad cristiana, viva y org\u00e1nica y adem\u00e1s permite realizar las actividades apost\u00f3licas propias de una pastoral misionera con la participaci\u00f3n y colaboraci\u00f3n de los fieles\u201d.<\/p>\n<p style=\"font-weight: 400;\">\u00a0\u00a0\u00a0\u00a0\u00a0\u00a0\u00a0\u00a0\u00a0\u00a0\u00a0 No se trata de suprimir parroquias, pero la realidad impone el agrupamiento de las mismas.<\/p>\n<p style=\"font-weight: 400;\">\u00a0\u00a0\u00a0\u00a0\u00a0\u00a0\u00a0\u00a0\u00a0\u00a0\u00a0 Tampoco se trata exclusivamente de una nueva distribuci\u00f3n territorial, necesaria sobre todo en las zonas rurales.<\/p>\n<p style=\"font-weight: 400;\">\u00a0\u00a0\u00a0\u00a0\u00a0\u00a0\u00a0\u00a0\u00a0\u00a0\u00a0 Se trata, sobre todo, de replantearse un nuevo tipo de pastoral mucho m\u00e1s comunitario, corresponsable y misionero que nos lleve a formar comunidades vivas, fraternas y org\u00e1nicas. Y al mismo tiempo, asegurar una presencia sacerdotal en esa agrupaci\u00f3n de parroquias.<em>\u00a0<\/em><\/p>\n","protected":false},"excerpt":{"rendered":"<p>\u00a0\u201c&#8230;para revitalizar nuestras comunidades a la luz de la Palabra para la misi\u00f3n\u201d LAS PARROQUIAS LAS UNIDADES PASTORALES\u00a0 La Vicaria VI cuenta con tres Unidades pastorales constituidas actualmente: up Leioa, up Txorierri y la up Uribe Kosta Bekoa. Esperamos que a lo largo de este curso se lleven a t\u00e9rmino los pasos dados en otros terriotorios para la erecci\u00f3n de otras dos unidades pastorales m\u00e1s. \u00bfQu\u00e9 son las unidades pastorales? \u00a0Una nueva configuraci\u00f3n pastoral, en la que convergen elementos como: &#8211;\u00a0\u00a0\u00a0\u00a0\u00a0\u00a0\u00a0\u00a0\u00a0\u00a0\u00a0\u00a0\u00a0\u00a0\u00a0\u00a0\u00a0incorporaci\u00f3n y corresponsabilidad de los laicos, &#8211;\u00a0\u00a0\u00a0\u00a0\u00a0\u00a0\u00a0\u00a0\u00a0\u00a0\u00a0\u00a0\u00a0\u00a0\u00a0\u00a0\u00a0participaci\u00f3n activa de religiosos\/as y &#8211;\u00a0\u00a0\u00a0\u00a0\u00a0\u00a0\u00a0\u00a0\u00a0\u00a0\u00a0\u00a0\u00a0\u00a0\u00a0\u00a0\u00a0articulaci\u00f3n de todos ellos en equipo con los sacerdotes, &#8211;\u00a0\u00a0\u00a0\u00a0\u00a0\u00a0\u00a0\u00a0\u00a0\u00a0\u00a0\u00a0\u00a0\u00a0\u00a0\u00a0\u00a0para una zona geogr\u00e1fica que incluye varia parroquias lim\u00edtrofes. \u00a0\u00a0\u00a0\u00a0\u00a0\u00a0\u00a0\u00a0\u00a0\u00a0\u00a0 Y en un intento de definici\u00f3n, ser\u00eda: \u201caquella agrupaci\u00f3n estable de habitantes que, viviendo en una o varias parroquias lim\u00edtrofes, pueden formar una comunidad cristiana, viva y org\u00e1nica y adem\u00e1s permite realizar las actividades apost\u00f3licas propias de una pastoral misionera con la participaci\u00f3n y colaboraci\u00f3n de los fieles\u201d. \u00a0\u00a0\u00a0\u00a0\u00a0\u00a0\u00a0\u00a0\u00a0\u00a0\u00a0 No se trata de suprimir parroquias, pero la realidad impone el agrupamiento de las mismas. \u00a0\u00a0\u00a0\u00a0\u00a0\u00a0\u00a0\u00a0\u00a0\u00a0\u00a0 Tampoco se trata exclusivamente de una nueva distribuci\u00f3n territorial, necesaria sobre todo en las zonas rurales. \u00a0\u00a0\u00a0\u00a0\u00a0\u00a0\u00a0\u00a0\u00a0\u00a0\u00a0 Se trata, sobre todo, de replantearse un nuevo tipo de pastoral mucho m\u00e1s comunitario, corresponsable y misionero que nos lleve a formar comunidades vivas, fraternas y org\u00e1nicas. Y al mismo tiempo, asegurar una presencia sacerdotal en esa agrupaci\u00f3n de parroquias.\u00a0<\/p>\n","protected":false},"author":1,"featured_media":0,"parent":0,"menu_order":0,"comment_status":"closed","ping_status":"closed","template":"","meta":{"footnotes":""},"class_list":["post-82","page","type-page","status-publish","hentry"],"aioseo_notices":[],"acf":[],"_links":{"self":[{"href":"https:\/\/vicaria6.bizkeliza.net\/index.php?rest_route=\/wp\/v2\/pages\/82","targetHints":{"allow":["GET"]}}],"collection":[{"href":"https:\/\/vicaria6.bizkeliza.net\/index.php?rest_route=\/wp\/v2\/pages"}],"about":[{"href":"https:\/\/vicaria6.bizkeliza.net\/index.php?rest_route=\/wp\/v2\/types\/page"}],"author":[{"embeddable":true,"href":"https:\/\/vicaria6.bizkeliza.net\/index.php?rest_route=\/wp\/v2\/users\/1"}],"replies":[{"embeddable":true,"href":"https:\/\/vicaria6.bizkeliza.net\/index.php?rest_route=%2Fwp%2Fv2%2Fcomments&post=82"}],"version-history":[{"count":6,"href":"https:\/\/vicaria6.bizkeliza.net\/index.php?rest_route=\/wp\/v2\/pages\/82\/revisions"}],"predecessor-version":[{"id":5785,"href":"https:\/\/vicaria6.bizkeliza.net\/index.php?rest_route=\/wp\/v2\/pages\/82\/revisions\/5785"}],"wp:attachment":[{"href":"https:\/\/vicaria6.bizkeliza.net\/index.php?rest_route=%2Fwp%2Fv2%2Fmedia&parent=82"}],"curies":[{"name":"wp","href":"https:\/\/api.w.org\/{rel}","templated":true}]}}

<h2><span style="color: #339966;"> “&#8230;para revitalizar nuestras comunidades a la luz de la Palabra para la misión”</span></h2>
<h4 style="text-align: center;"><strong><span style="color: #ff6600;">LAS PARROQUIAS</span></strong></h4>
<p><iframe title="Parroquias al servicio de la misión – El Video del Papa – Septiembre 2017" width="960" height="540" src="https://www.youtube.com/embed/G9jy1BJd-U4?feature=oembed" frameborder="0" allow="accelerometer; autoplay; encrypted-media; gyroscope; picture-in-picture" allowfullscreen></iframe></p>
<h4 style="text-align: center;"><strong><span style="color: #ff6600;">LAS UNIDADES PASTORALES </span></strong></h4>
<p><span style="color: #ff6600;">La Vicaria VI</span> cuenta con tres Unidades pastorales constituidas actualmente: up Leioa, up Txorierri y la up Uribe Kosta Bekoa. Esperamos que a lo largo de este curso se lleven a término los pasos dados en otros terriotorios para la erección de otras dos unidades pastorales más.</p>
<p style="font-weight: 400;"><strong>¿Qué son las unidades pastorales?</strong></p>
<p style="font-weight: 400;"> Una nueva configuración pastoral, en la que convergen elementos como:</p>
<p style="font-weight: 400;">&#8211;                 incorporación y corresponsabilidad de los laicos,</p>
<p style="font-weight: 400;">&#8211;                 participación activa de religiosos/as y</p>
<p style="font-weight: 400;">&#8211;                 articulación de todos ellos en equipo con los sacerdotes,</p>
<p style="font-weight: 400;">&#8211;                 para una zona geográfica que incluye varia parroquias limítrofes.</p>
<p style="font-weight: 400;">            Y en un intento de definición, sería: “aquella agrupación estable de habitantes que, viviendo en una o varias parroquias limítrofes, pueden formar una comunidad cristiana, viva y orgánica y además permite realizar las actividades apostólicas propias de una pastoral misionera con la participación y colaboración de los fieles”.</p>
<p style="font-weight: 400;">            No se trata de suprimir parroquias, pero la realidad impone el agrupamiento de las mismas.</p>
<p style="font-weight: 400;">            Tampoco se trata exclusivamente de una nueva distribución territorial, necesaria sobre todo en las zonas rurales.</p>
<p style="font-weight: 400;">            Se trata, sobre todo, de replantearse un nuevo tipo de pastoral mucho más comunitario, corresponsable y misionero que nos lleve a formar comunidades vivas, fraternas y orgánicas. Y al mismo tiempo, asegurar una presencia sacerdotal en esa agrupación de parroquias.<em> </em></p>

<p> “&#8230;para revitalizar nuestras comunidades a la luz de la Palabra para la misión” LAS PARROQUIAS LAS UNIDADES PASTORALES  La Vicaria VI cuenta con tres Unidades pastorales constituidas actualmente: up Leioa, up Txorierri y la up Uribe Kosta Bekoa. Esperamos que a lo largo de este curso se lleven a término los pasos dados en otros terriotorios para la erección de otras dos unidades pastorales más. ¿Qué son las unidades pastorales?  Una nueva configuración pastoral, en la que convergen elementos como: &#8211;                 incorporación y corresponsabilidad de los laicos, &#8211;                 participación activa de religiosos/as y &#8211;                 articulación de todos ellos en equipo con los sacerdotes, &#8211;                 para una zona geográfica que incluye varia parroquias limítrofes.             Y en un intento de definición, sería: “aquella agrupación estable de habitantes que, viviendo en una o varias parroquias limítrofes, pueden formar una comunidad cristiana, viva y orgánica y además permite realizar las actividades apostólicas propias de una pastoral misionera con la participación y colaboración de los fieles”.             No se trata de suprimir parroquias, pero la realidad impone el agrupamiento de las mismas.             Tampoco se trata exclusivamente de una nueva distribución territorial, necesaria sobre todo en las zonas rurales.             Se trata, sobre todo, de replantearse un nuevo tipo de pastoral mucho más comunitario, corresponsable y misionero que nos lleve a formar comunidades vivas, fraternas y orgánicas. Y al mismo tiempo, asegurar una presencia sacerdotal en esa agrupación de parroquias. </p>
